x) = -12*x**3 - 67*x**2 + x - 591. Give m(0).
-591
Let u(d) = 14821*d + 74101. Determine u(-5).
-4
Let n(j) = 4*j**3 - 81*j**2 - 1009*j + 19859. Calculate n(21).
-7
Let f(n) = -7998*n - 56005. Give f(-7).
-19
Let n(s) = 3*s**2 - 1864*s - 11249. Calculate n(-6).
43
Let j(o) = 287*o - 128376. What is j(447)?
-87
Let q(w) = -118415*w**2 + 355236*w + 31. What is q(3)?
4
Let f(r) = -75*r**2 + 2659*r + 1515. Give f(36).
39
Let r(v) = -1725*v - 182858. Calculate r(-106).
-8
Let s(i) = 8*i**2 - 103*i - 388. Calculate s(-4).
152
Let m(b) = -7*b**3 - 118*b**2 - 34*b - 95. What is m(-17)?
772
Let l(m) = -8099*m - 202249. Calculate l(-25).
226
Let k(x) = 3181*x + 213095. Determine k(-67).
-32
Let c(o) = 22*o + 2018. Calculate c(-92).
-6
Let g(j) = -8*j**3 - 786*j**2 + 595*j + 140. Calculate g(-99).
41
Let p(x) = -x**3 + 10*x**2 + 28*x + 4. What is p(8)?
356
Let f(y) = -6989*y + 13. Give f(0).
13
Let a(u) = -9*u**3 - 286*u**2 + 65*u + 43. Determine a(-32).
11
Let o(y) = 1809*y + 189935. Determine o(-105).
-10
Let z(h) = 235*h - 9273. Give z(41).
362
Let c(p) = 11*p**3 + 133*p**2 - 153*p - 2051. Determine c(-12).
-71
Let j(a) = -2*a**3 + 57*a**2 - 82*a + 998. Give j(26).
2246
Let q(d) = 4330*d**2 + 147234*d + 470. What is q(-34)?
-6
Let x(s) = -3*s**3 - 129*s**2 + 730*s - 73. What is x(5)?
-23
Let k(b) = -b**3 + 221*b**2 + 187*b + 7767. What is k(222)?
-3
Let h(y) = -384*y + 6490. Calculate h(16).
346
Let n(b) = -b**3 + 20*b**2 + 679*b - 58. Calculate n(-18).
32
Let k(p) = -955361*p - 22928653. What is k(-24)?
11
Let m(j) = -2*j**3 - 196*j**2 - 190*j + 321. Give m(-97).
-67
Let l(u) = -14*u**3 + 108*u**2 + 500*u + 141. Calculate l(11).
75
Let j(g) = 4*g**2 - 2027*g + 123747. Calculate j(71).
-6
Let k(f) = -5878*f - 11640. Give k(-2).
116
Let w(c) = -321*c + 11157. Give w(35).
-78
Let d(u) = -u**3 - 35*u**2 + 241*u - 31. Calculate d(-42).
2195
Let k(x) = x**2 - 63920*x - 319636. Calculate k(-5).
-11
Let s(z) = -9245*z + 499257. Determine s(54).
27
Let z(b) = -22544*b**2 - 4*b - 9. Determine z(0).
-9
Let p(y) = y**3 + 531*y**2 + 5206*y + 6. Calculate p(-10).
46
Let n(f) = -224*f - 23242. Calculate n(-96).
-1738
Let z(c) = -c**3 + 2*c**2 + 195*c + 34. Give z(-11).
-538
Let f(z) = 2*z**2 - 217*z + 7451. Determine f(91).
4266
Let r(l) = 20*l**2 + 2034*l - 32414. Determine r(14).
-18
Let p(w) = 34*w**3 - 54*w**2 - 50*w + 48. Determine p(2).
4
Let k(o) = -2*o - 256. Calculate k(-68).
-120
Let q(f) = 2*f**3 - 20*f**2 - 27*f - 234. What is q(12)?
18
Let w(m) = 2826*m - 11630. Determine w(4).
-326
Let b(r) = -r**3 + 78*r**2 - 132*r - 1376. Calculate b(76).
144
Let w(j) = 3*j**3 + 565*j**2 + 18851*j + 141. Give w(-145).
-4
Let m(y) = -19*y - 1458. Calculate m(-36).
-774
Let f(v) = -v**2 - 19956*v - 99763. What is f(-5)?
-8
Let b(g) = 57*g**2 + 4709*g - 9416. Calculate b(2).
230
Let m(t) = -871*t + 9988. Calculate m(12).
-464
Let l(r) = -4*r**3 - 2097*r**2 - 34967*r + 8109. Determine l(-507).
-3
Let g(w) = -w**3 + 27*w**2 - 34*w - 519. Determine g(28).
-2255
Let p(v) = 147254*v - 2650601. Calculate p(18).
-29
Let s(g) = 3*g**2 - 124*g + 680. Calculate s(6).
44
Let b(a) = -9*a**2 - 480*a + 870. Calculate b(-55).
45
Let q(v) = 2*v**3 + 16*v**2 - 371*v - 45. Calculate q(-18).
153
Let u(l) = 12*l**3 + 4*l**2 - 1339*l + 3. Calculate u(0).
3
Let p(c) = 31*c - 13237. Give p(439).
372
Let p(b) = -46*b**3 + 1378*b**2 + 63*b + 16. Give p(30).
106
Let c(l) = 38090*l - 114249. What is c(3)?
21
Let x(p) = -4*p**2 - 5765*p - 130406. What is x(-23)?
73
Let x(s) = s**3 - 34*s**2 - 96430*s - 475. Determine x(328).
181
Let z(s) = 29*s**3 - 337*s**2 + 263*s - 714. Give z(11).
1
Let k(c) = 182*c + 20411. Give k(-112).
27
Let w(u) = -297527*u + 1190095. Determine w(4).
-13
Let j(a) = -515323*a + 2061289. Calculate j(4).
-3
Let g(q) = -3936*q - 7943. Determine g(-2).
-71
Let t(z) = 63*z + 1952. Determine t(-36).
-316
Let t(l) = -621*l - 2431. What is t(-5)?
674
Let w(y) = -3*y**3 + 12*y**2 + 31201*y - 113. Give w(104).
-9
Let v(t) = t**2 + 35260*t + 1760477. Determine v(-50).
-23
Let p(w) = 14*w**2 - 223*w + 19. Determine p(12).
-641
Let w(a) = -a**2 - 21607*a - 237561. Determine w(-11).
-5
Let f(l) = 4*l**2 + 515694*l + 1547074. Determine f(-3).
28
Let o(y) = -y**3 + 28*y**2 + 597*y - 16724. Calculate o(24).
-92
Let x(r) = -r**3 + 40*r**2 - 65*r + 6252. What is x(42)?
-6
Let i(p) = -972594*p + 7780760. What is i(8)?
8
Let q(v) = -3170*v - 66679. Give q(-21).
-109
Let u(d) = -2*d**3 + 2*d**2 + 127*d - 253. What is u(2)?
-7
Let y(s) = -5294*s + 26405. What is y(5)?
-65
Let n(a) = 4*a**2 - 4726*a + 42249. What is n(9)?
39
Let l(x) = -118*x**3 - 3*x**2 + 136*x - 260. Determine l(2).
-944
Let c(t) = 42316*t - 507613. Give c(12).
179
Let v(n) = -n**3 - 505*n**2 - 5434*n + 119. Determine v(-11).
119
Let a(h) = h**2 + 836*h - 26352. Calculate a(30).
-372
Let v(j) = 2*j**3 - 221*j**2 + 1895*j + 20495. Calculate v(100).
-5
Let o(p) = -212*p - 11324. Give o(-50).
-724
Let q(l) = l**3 + 459*l**2 - 888*l - 72. What is q(2)?
-4
Let u(c) = -4*c**2 - 3117*c + 62806. Give u(20).
-1134
Let v(a) = -2*a**2 - 1272*a + 3656. What is v(3)?
-178
Let i(w) = w**2 - 707*w + 56574. Calculate i(92).
-6
Let z(y) = -273*y + 57735. Determine z(212).
-141
Let q(k) = k**3 - 11*k**2 - 62*k + 22. Give q(15).
-8
Let h(a) = 220*a + 356. Calculate h(-1).
136
Let o(b) = -2*b**2 + 550*b + 250251. Calculate o(-242).
23
Let c(j) = j**2 - 19899*j + 437324. Calculate c(22).
30
Let n(g) = 83173*g - 1746643. Give n(21).
-10
Let s(n) = 42*n**2 + 3392*n + 30566. Give s(-9).
3440
Let v(o) = 67*o + 6595. Determine v(-101).
-172
Let p(r) = 25*r**3 - 1807*r**2 - 1317*r + 194. Determine p(73).
-25
Let y(c) = -c**2 + 44066*c - 352449. Give y(8).
15
Let w(j) = -729*j - 10997. Determine w(-15).
-62
Let m(q) = 3641*q + 18215. Give m(-5).
10
Let d(t) = 12*t**3 - 87*t**2 - 536*t + 40. Give d(-4).
24
Let s(y) = 25290*y + 859865. Determine s(-34).
5
Let d(c) = -23*c**3 - 7*c**2 - 127*c - 894. Give d(-6).
4584
Let x(v) = -347*v + 23296. Calculate x(72).
-1688
Let t(b) = 4*b**2 - 933*b - 27764. Give t(260).
56
Let r(d) = -d**2 - 440*d + 45192. What is r(86)?
-44
Let u(w) = -w**3 + 12*w**2 - 96*w + 1065. Give u(13).
-352
Let c(t) = t**3 - 6*t**2 + 21*t - 81. What is c(10)?
529
Let x(o) = -46*o**2 - 6*o + 372. Give x(-3).
-24
Let x(c) = -230789*c + 230787. Calculate x(1).
-2
Let d(k) = -2322*k - 60536. Give d(-26).
-164
Let o(c) = -2*c**3 + 26*c**2 + 26*c + 1876. Give o(17).
6
Let q(r) = 8*r**3 + 269*r**2 + 137*r - 930. Give q(-33).
-6
Let b(x) = x**2 - 5*x - 1775. Calculate b(-38).
-141
Let c(s) = -20*s**2 + 220*s + 1. What is c(11)?
1
Let q(n) = -48*n**2 + 366*n + 145. Give q(8).
1
Let s(m) = -20*m + 257. Give s(-9).
437
Let v(f) = -2*f**3 + 78*f**2 - 680*f - 179. Give v(14).
101
Let c(o) = -3*o**2 + 3889*o - 19362. Give c(5).
8
Let c(u) = 2712*u - 428503. What is c(158)?
-7
Let p(x) = x**3 - x**2 - 110*x - 400. Give p(-6).
8
Let i(c) = 6654*c + 79808. Calculate i(-12).
-40
Let l(s) = s**3 - 527*s**2 + 1140*s - 600781. What is l(527)?
-1
Let b(p) = 73933*p + 2291924. Determine b(-31).
1
Let x(b) = b**3 + 79*b**2 + 24*b - 3750. Determine x(-78).
462
Let n(f) = 136622*f - 9153658. Determine n(67).
16
Let y(w) = 17*w**3 - 100*w**2 + 35*w - 210. Give y(6).
72
Let d(m) = 4*m**2 - 59*m - 7662. Determine d(-39).
723
Let o(s) = 4*s**2 + 54348*s + 380357. Give o(-7).
117
Let c(g) = 169*g**3 - 96*g**2 + 11*g. Calculate c(1).
84
Let a(o) = -2109511*o + 6328527. Give a(3).
-6
Let u(b) = b**2 + 4657*b + 275843. What is u(-60)?
23
Let x(i) = 24484*i - 269338. Determine x(11).
-14
Let d(a) = 11*a**3 + 75*a**2 - 34*a - 214. Determine d(-7).
-74
Let w(b) = 5*b**2 - 6184*b + 18456. Determine w(3).
-51
Let a(j) = 34853*j + 3903550. What is a(-112)?
14
Let s(w) = 2*w**3 - 185*w**2 + 448*w - 523. Determine s(90).
-703
Let b(i) = 4*i**3 + 18*i**2 - 1499*i - 8786. Give b(-6).
-8
Let d(a) = -2*a**3 - 36*a**2 - 50*a - 279. What is d(0)?
-279
Let o(x) = -2*x**3 - 35*x**2 - 422*x - 5960. What is o(-16)?
24
Let g(h) = 12*h**3 - 128*h**2 - 4587*h + 504. Determine g(-15).
9
Let s(t) = -5*t - 334. Determine s(-113).
231
Let k(c) = c**3 + 113*c**2 + 127*c + 1753. Calculate k(-112).
73
Let a(p) = 7*p**2 - 79*p - 10026. Give a(44).
50
Let t(p) = 1929*p + 3374. Calculate t(-2).
-48